{"id":269,"date":"2022-03-21T14:26:31","date_gmt":"2022-03-21T14:26:31","guid":{"rendered":"https:\/\/csi.inesctec.pt\/?page_id=269"},"modified":"2024-06-20T13:43:01","modified_gmt":"2024-06-20T13:43:01","slug":"inicio","status":"publish","type":"page","link":"https:\/\/csi.inesctec.pt\/pt\/","title":{"rendered":"Bem Vindo!"},"content":{"rendered":"<p class=\"has-small-font-size\" style=\"font-style:normal;font-weight:300\"><em>Are you interested in scientific research? Would you like to learn how to design and create something new? The <a href=\"https:\/\/www.inesctec.pt\/pt\/centros\/ctm\">Centro de Telecomunica\u00e7\u00f5es e Multim\u00e9dia<\/a> (CTM) do <a href=\"https:\/\/www.inesctec.pt\/pt\">INESC TEC<\/a> oferece-te essa possibilidade. <\/em><\/p>\n\n\n\n<div class=\"wp-block-media-text alignwide is-stacked-on-mobile is-vertically-aligned-center\" style=\"grid-template-columns:28% auto\"><figure class=\"wp-block-media-text__media\"><video controls src=\"https:\/\/csi.inesctec.pt\/wp-content\/uploads\/2024\/04\/SummerInternshipsCTM23_Stories.mp4\"><\/video><\/figure><div class=\"wp-block-media-text__content\">\n<p class=\"has-text-align-center has-accent-color has-text-color has-link-color has-extra-large-font-size wp-elements-09f1e35e226cb948becb342a4794a9d0\">The internships start on June 25!<\/p>\n\n\n\n<hr class=\"wp-block-separator has-text-color has-dark-gray-color has-alpha-channel-opacity has-dark-gray-background-color has-background is-style-wide\"\/>\n\n\n\n<h2 class=\"wp-block-heading has-primary-color has-text-color has-link-color wp-elements-136ea916d50740699cb0443b5a709820\"><strong><em>O que s\u00e3o os Est\u00e1gios de ver\u00e3o do INESC TEC no CTM?<\/em><\/strong>?<\/h2>\n\n\n\n<p class=\"has-small-font-size\" style=\"font-style:normal;font-weight:300\">Os Est\u00e1gios de ver\u00e3o no CTM s\u00e3o um evento anual, agora na sua 8\u00aa edi\u00e7\u00e3o, que te permite participar em trabalho de investiga\u00e7\u00e3o e desenvolvimento, supervisionado por especialistas do CTM. <\/p>\n\n\n\n<p class=\"has-small-font-size\" style=\"font-style:normal;font-weight:300\">No CTM estamos a trabalhar em<strong> linhas de investiga\u00e7\u00e3o<\/strong> que visam criar um ambiento global din\u00e2mico e sustent\u00e1vel. Estamos a trabalhar em sistemas <strong>6G<\/strong> inteligentes \u00e0 base de <strong>\"smart radios\"<\/strong> e comunica\u00e7\u00f5es <strong>\u00f3ticas<\/strong> , integradas em sistemas e dados ricos \u00e0 base de <strong>Realidade Virtual e Aumentada<\/strong> . Desenvolvemos, testamos, e movemos para a ind\u00fastria as nossas solu\u00e7\u00f5es baseadas em <strong>Intelig\u00eancia Artificial e Aprendizagem Computational<\/strong> para resolver problemas ou criar novos servi\u00e7os em \u00e1reas como <strong>a s\u00e1ude, a \"Internet-of-Things\", \"Edge AI\", telecomunica\u00e7\u00f5es, ve\u00edculos aut\u00f3nomos, drones, e submarinos<\/strong>.<br><br>Estes est\u00e1gios fazem parte dos <strong>Est\u00e1gios de Ver\u00e3o do INESC TEC<\/strong>, que incluem t\u00f3picos de ainda mais Dom\u00ednios Cient\u00edficos. Para mais informa\u00e7\u00e3o visita o <strong><a href=\"https:\/\/www.inesctec.pt\/pt\/junte-se-a-nos#estagios-de-verao-inesc-tec\">o site do INESC TEC<\/a>. <\/strong><\/p>\n\n\n\n<h2 class=\"wp-block-heading has-primary-color has-text-color has-link-color wp-elements-af17aed8aa2d586c837504340c9ddde5\">Como funciona?<\/h2>\n\n\n\n<p class=\"has-small-font-size\" style=\"font-style:normal;font-weight:300\">Os est\u00e1gios t\u00eam a dura\u00e7\u00e3o de <strong>um m\u00eas<\/strong> durante <strong>Julho<\/strong>. S\u00e3o n\u00e3o-remunerados, e podem ser em regime <strong>presencial<\/strong>, <strong>remoto<\/strong>, ou <strong>h\u00edbrido.<\/strong> No final do est\u00e1gio, ter\u00e1s a oportunidade de apresentar os resultados do teu trabalho ao centro e aos teus colegas, e ainda poder\u00e1s receber um dos <strong>pr\u00e9mios de melhor est\u00e1gio!<\/strong> Todos os participantes ir\u00e3o receber um <strong>certificado de conclus\u00e3o de est\u00e1gio<\/strong> para acrescentarem ao CV!<\/p>\n\n\n\n<p class=\"has-small-font-size\" style=\"font-style:normal;font-weight:300\">Consulta as <a href=\"https:\/\/csi.inesctec.pt\/pt\/edicoes-anteriores\/\" data-type=\"page\" data-id=\"574\"><strong>Edi\u00e7\u00f5es Anteriores<\/strong><\/a> para ver os t\u00f3picos que o CTM j\u00e1 orientou durante estes est\u00e1gios! <a href=\"https:\/\/csi.inesctec.pt\/pt\/gallery\/\" data-type=\"link\" data-id=\"https:\/\/csi.inesctec.pt\/gallery\/\"><strong>V\u00ea o que dizem os estagi\u00e1rios passados sobre esta experi\u00eancia!<\/strong><\/a><\/p>\n\n\n\n<p class=\"has-small-font-size\" style=\"font-style:normal;font-weight:300\"><span style=\"font-family: &quot;Open Sans&quot;, Arial, Helvetica, sans-serif; font-size: 16px; white-space-collapse: collapse;\">Para mais informa\u00e7\u00e3o contacta-nos via&nbsp;<\/span><a style=\"box-sizing: inherit; font-family: &quot;Open Sans&quot;, Arial, Helvetica, sans-serif; font-size: 16px; white-space-collapse: collapse;\" href=\"mailto:ctm-summer-internships@list-inesctec.pt\"><strong style=\"box-sizing: inherit;\">ctm-summer-internships@lists.inesctec.pt<\/strong><\/a><span style=\"font-family: &quot;Open Sans&quot;, Arial, Helvetica, sans-serif; font-size: 16px; white-space-collapse: collapse;\">!<\/span><\/p>\n\n\n\n<h2 class=\"wp-block-heading has-primary-color has-text-color\">Como participar?<\/h2>\n\n\n\n<p class=\"has-small-font-size\" style=\"font-style:normal;font-weight:300\">Para participar deves consultar os <a href=\"https:\/\/csi.inesctec.pt\/pt\/temas-de-estagio\/\"><strong>temas de est\u00e1gio<\/strong><\/a> dispon\u00edveis este ano, e submete a tua candidatura <strong><a href=\"https:\/\/www.inesctec.pt\/pt\/form\/edital\/4832\">via this application form<\/a>, que estar\u00e1 dispon\u00edvel at\u00e9 dia 15 de maio.<\/strong>Ir\u00e1s receber os resultados da candidatura via e-mail. Podes candidatar-te a mais do que um t\u00f3pico de est\u00e1gio, e tentaremos escolher o melhor orientador e est\u00e1gio para ti!<br><br><s>Antes do inicio dos est\u00e1gios, ir\u00e1 tamb\u00e9m haver uma <strong>Sess\u00e3o de Q&amp;A<\/strong> onde poder\u00e1s esclarecer quaisquer d\u00favidas sobre o processo de candidatura ou dos est\u00e1gios. <strong>Regista-te para a sess\u00e3o aqui. A sess\u00e3o ter\u00e1 lugar no INESC TEC, no <a href=\"https:\/\/maps.app.goo.gl\/wkzidCsrRKhcbtrg6\">Audit\u00f3rio A<\/a>.<\/strong><\/s><br><br>Consulta o <strong><a href=\"https:\/\/csi.inesctec.pt\/pt\/calendar\/\">calend\u00e1rio<\/a><\/strong> to keep up with important dates. <\/p>\n<\/div><\/div>","protected":false},"excerpt":{"rendered":"<p>Are you interested in scientific research? Would you like to learn how to design and create something new? The Centre for Telecommunications and Multimedia (CTM) at INESC TEC is giving you that chance.<\/p>","protected":false},"author":7,"featured_media":0,"parent":0,"menu_order":0,"comment_status":"closed","ping_status":"closed","template":"","meta":{"_eb_attr":"","gt_page_layout":"fullwidth","gt_hide_page_title":false,"gt_remove_bottom_margin":false,"footnotes":""},"class_list":["post-269","page","type-page","status-publish","hentry"],"_links":{"self":[{"href":"https:\/\/csi.inesctec.pt\/pt\/wp-json\/wp\/v2\/pages\/269","targetHints":{"allow":["GET"]}}],"collection":[{"href":"https:\/\/csi.inesctec.pt\/pt\/wp-json\/wp\/v2\/pages"}],"about":[{"href":"https:\/\/csi.inesctec.pt\/pt\/wp-json\/wp\/v2\/types\/page"}],"author":[{"embeddable":true,"href":"https:\/\/csi.inesctec.pt\/pt\/wp-json\/wp\/v2\/users\/7"}],"replies":[{"embeddable":true,"href":"https:\/\/csi.inesctec.pt\/pt\/wp-json\/wp\/v2\/comments?post=269"}],"version-history":[{"count":98,"href":"https:\/\/csi.inesctec.pt\/pt\/wp-json\/wp\/v2\/pages\/269\/revisions"}],"predecessor-version":[{"id":980,"href":"https:\/\/csi.inesctec.pt\/pt\/wp-json\/wp\/v2\/pages\/269\/revisions\/980"}],"wp:attachment":[{"href":"https:\/\/csi.inesctec.pt\/pt\/wp-json\/wp\/v2\/media?parent=269"}],"curies":[{"name":"wp","href":"https:\/\/api.w.org\/{rel}","templated":true}]}}

<p class="has-small-font-size" style="font-style:normal;font-weight:300"><em>Are you interested in scientific research? Would you like to learn how to design and create something new? The <a href="https://www.inesctec.pt/pt/centros/ctm">Centro de Telecomunicações e Multimédia</a> (CTM) do <a href="https://www.inesctec.pt/pt">INESC TEC</a> oferece-te essa possibilidade. </em></p>



<div class="wp-block-media-text alignwide is-stacked-on-mobile is-vertically-aligned-center" style="grid-template-columns:28% auto"><figure class="wp-block-media-text__media"><video controls src="https://csi.inesctec.pt/wp-content/uploads/2024/04/SummerInternshipsCTM23_Stories.mp4"></video></figure><div class="wp-block-media-text__content">
<p class="has-text-align-center has-accent-color has-text-color has-link-color has-extra-large-font-size wp-elements-09f1e35e226cb948becb342a4794a9d0">The internships start on June 25!</p>



<hr class="wp-block-separator has-text-color has-dark-gray-color has-alpha-channel-opacity has-dark-gray-background-color has-background is-style-wide"/>



<h2 class="wp-block-heading has-primary-color has-text-color has-link-color wp-elements-136ea916d50740699cb0443b5a709820"><strong><em>O que são os Estágios de verão do INESC TEC no CTM?</em></strong>?</h2>



<p class="has-small-font-size" style="font-style:normal;font-weight:300">Os Estágios de verão no CTM são um evento anual, agora na sua 8ª edição, que te permite participar em trabalho de investigação e desenvolvimento, supervisionado por especialistas do CTM. </p>



<p class="has-small-font-size" style="font-style:normal;font-weight:300">No CTM estamos a trabalhar em<strong> linhas de investigação</strong> que visam criar um ambiento global dinâmico e sustentável. Estamos a trabalhar em sistemas <strong>6G</strong> inteligentes à base de <strong>"smart radios"</strong> e comunicações <strong>óticas</strong> , integradas em sistemas e dados ricos à base de <strong>Realidade Virtual e Aumentada</strong> . Desenvolvemos, testamos, e movemos para a indústria as nossas soluções baseadas em <strong>Inteligência Artificial e Aprendizagem Computational</strong> para resolver problemas ou criar novos serviços em áreas como <strong>a sáude, a "Internet-of-Things", "Edge AI", telecomunicações, veículos autónomos, drones, e submarinos</strong>.<br><br>Estes estágios fazem parte dos <strong>Estágios de Verão do INESC TEC</strong>, que incluem tópicos de ainda mais Domínios Científicos. Para mais informação visita o <strong><a href="https://www.inesctec.pt/pt/junte-se-a-nos#estagios-de-verao-inesc-tec">o site do INESC TEC</a>. </strong></p>



<h2 class="wp-block-heading has-primary-color has-text-color has-link-color wp-elements-af17aed8aa2d586c837504340c9ddde5">Como funciona?</h2>



<p class="has-small-font-size" style="font-style:normal;font-weight:300">Os estágios têm a duração de <strong>um mês</strong> durante <strong>Julho</strong>. São não-remunerados, e podem ser em regime <strong>presencial</strong>, <strong>remoto</strong>, ou <strong>híbrido.</strong> No final do estágio, terás a oportunidade de apresentar os resultados do teu trabalho ao centro e aos teus colegas, e ainda poderás receber um dos <strong>prémios de melhor estágio!</strong> Todos os participantes irão receber um <strong>certificado de conclusão de estágio</strong> para acrescentarem ao CV!</p>



<p class="has-small-font-size" style="font-style:normal;font-weight:300">Consulta as <a href="https://csi.inesctec.pt/pt/edicoes-anteriores/" data-type="page" data-id="574"><strong>Edições Anteriores</strong></a> para ver os tópicos que o CTM já orientou durante estes estágios! <a href="https://csi.inesctec.pt/pt/gallery/" data-type="link" data-id="https://csi.inesctec.pt/gallery/"><strong>Vê o que dizem os estagiários passados sobre esta experiência!</strong></a></p>



<p class="has-small-font-size" style="font-style:normal;font-weight:300"><span style="font-family: &quot;Open Sans&quot;, Arial, Helvetica, sans-serif; font-size: 16px; white-space-collapse: collapse;">Para mais informação contacta-nos via&nbsp;</span><a style="box-sizing: inherit; font-family: &quot;Open Sans&quot;, Arial, Helvetica, sans-serif; font-size: 16px; white-space-collapse: collapse;" href="mailto:ctm-summer-internships@list-inesctec.pt"><strong style="box-sizing: inherit;">ctm-summer-internships@lists.inesctec.pt</strong></a><span style="font-family: &quot;Open Sans&quot;, Arial, Helvetica, sans-serif; font-size: 16px; white-space-collapse: collapse;">!</span></p>



<h2 class="wp-block-heading has-primary-color has-text-color">Como participar?</h2>



<p class="has-small-font-size" style="font-style:normal;font-weight:300">Para participar deves consultar os <a href="https://csi.inesctec.pt/pt/temas-de-estagio/"><strong>temas de estágio</strong></a> disponíveis este ano, e submete a tua candidatura <strong><a href="https://www.inesctec.pt/pt/form/edital/4832">via this application form</a>, que estará disponível até dia 15 de maio.</strong>Irás receber os resultados da candidatura via e-mail. Podes candidatar-te a mais do que um tópico de estágio, e tentaremos escolher o melhor orientador e estágio para ti!<br><br><s>Antes do inicio dos estágios, irá também haver uma <strong>Sessão de Q&amp;A</strong> onde poderás esclarecer quaisquer dúvidas sobre o processo de candidatura ou dos estágios. <strong>Regista-te para a sessão aqui. A sessão terá lugar no INESC TEC, no <a href="https://maps.app.goo.gl/wkzidCsrRKhcbtrg6">Auditório A</a>.</strong></s><br><br>Consulta o <strong><a href="https://csi.inesctec.pt/pt/calendar/">calendário</a></strong> to keep up with important dates. </p>
</div></div>
